number?
True
Is 4065637 a composite number?
False
Is 68116351 composite?
False
Is 4126373 a prime number?
True
Is 1187183 prime?
False
Is 338785 a composite number?
True
Is 235923899 composite?
False
Is 55904999 composite?
False
Is 361613 a prime number?
False
Is 9499519 prime?
True
Is 6122231 prime?
False
Is 821357 prime?
False
Is 3718349 prime?
True
Is 17654222 prime?
False
Is 61454737 a prime number?
True
Is 73234963 a composite number?
True
Is 39155345 a prime number?
False
Is 121665769 composite?
True
Is 4272461 prime?
True
Is 10859307 composite?
True
Is 374627 composite?
True
Is 45985627 a composite number?
True
Is 487422697 a prime number?
True
Is 11617643 prime?
False
Is 4237169 a prime number?
False
Is 37360313 prime?
True
Is 8948237 a prime number?
True
Is 6512977 composite?
False
Is 82373033 a prime number?
False
Is 4758371 a prime number?
False
Is 414610439 composite?
False
Is 16481081 a prime number?
True
Is 313907 prime?
False
Is 631957291 a prime number?
False
Is 16058337 a prime number?
False
Is 261529973 composite?
False
Is 4971397 a composite number?
False
Is 25786279 prime?
True
Is 23071879 prime?
True
Is 150283499 a composite number?
True
Is 9039287 a prime number?
True
Is 1366059 a prime number?
False
Is 24274739 prime?
True
Is 51264799 prime?
False
Is 62528021 composite?
True
Is 437609 a prime number?
False
Is 52921903 prime?
True
Is 202065287 prime?
False
Is 129426197 prime?
True
Is 3738431 prime?
True
Is 5742827 composite?
True
Is 244641673 a prime number?
True
Is 26049445 composite?
True
Is 3479137 a prime number?
False
Is 3843971 a prime number?
True
Is 643613 a composite number?
True
Is 631073 prime?
False
Is 8843761 composite?
True
Is 247783 prime?
False
Is 285950815 a composite number?
True
Is 43272863 a prime number?
False
Is 13398599 a composite number?
False
Is 22346651 a prime number?
False
Is 4293883 prime?
False
Is 44973377 composite?
False
Is 19760131 a prime number?
True
Is 1028641 composite?
True
Is 303088973 a prime number?
False
Is 14689637 composite?
False
Is 30934031 a prime number?
True
Is 100571603 a composite number?
True
Is 576463 a prime number?
False
Is 6879479 a composite number?
True
Is 132026407 a prime number?
True
Is 1698649 a prime number?
False
Is 281173 prime?
False
Is 1665919 a composite number?
False
Is 199804457 prime?
True
Is 8117611 a prime number?
True
Is 15631457 a prime number?
True
Is 686572253 composite?
True
Is 1079511 composite?
True
Is 1860091 a prime number?
False
Is 99796589 prime?
True
Is 24724799 a composite number?
True
Is 1492063 prime?
True
Is 32649963 a prime number?
False
Is 23384437 composite?
False
Is 65546933 a prime number?
False
Is 6643562 a prime number?
False
Is 1948337 a composite number?
False
Is 2094271 composite?
False
Is 270301 a prime number?
False
Is 109035473 composite?
False
Is 85873751 a prime number?
False
Is 19332731 composite?
True
Is 2685169 a composite number?
False
Is 5373929 composite?
True
Is 8324143 prime?
True
Is 23084773 prime?
False
Is 3446962 prime?
False
Is 2839159 a prime number?
True
Is 10689749 a composite number?
True
Is 9393697 prime?
False
Is 107517193 prime?
False
Is 110057263 a prime number?
True
Is 469021 a composite number?
True
Is 549950029 a composite number?
False
Is 54106879 composite?
True
Is 52851983 prime?
True
Is 197330017 composite?
True
Is 1307461 prime?
True
Is 16818103 composite?
False
Is 806966 a prime number?
False
Is 3149051 a composite number?
False
Is 25463167 a prime number?
False
Is 19070959 a prime number?
True
Is 50075087 a prime number?
True
Is 10935761 a composite number?
False
Is 514326469 a composite number?
True
Is 5412133 a prime number?
True
Is 949211 a prime number?
True
Is 1076701 prime?
False
Is 1784431 a prime number?
False
Is 30458473 a prime number?
True
Is 1701346 a prime number?
False
Is 10903247 a prime number?
True
Is 301662469 a prime number?
False
Is 72989 a composite number?
True
Is 89037601 prime?
False
Is 100658585 a composite number?
True
Is 3085941 composite?
True
Is 616495843 composite?
False
Is 532927357 a prime number?
False
Is 19657849 composite?
True
Is 134364077 composite?
False
Is 3131351 prime?
True
Is 1091309686 composite?
True
Is 12358993 composite?
False
Is 305066569 a composite number?
True
Is 1614744319 prime?
False
Is 97621441 a prime number?
False
Is 47267971 a prime number?
True
Is 212197 a prime number?
False
Is 676463 composite?
False
Is 108287799 a prime number?
False
Is 15736363 prime?
True
Is 20673137 a prime number?
True
Is 616727 a prime number?
False
Is 49582009 a prime number?
True
Is 12865057 prime?
True
Is 2414479 composite?
True
Is 44427589 prime?
True
Is 25917301 a composite number?
False
Is 15316913 prime?
False
Is 15877401 prime?
False
Is 385039471 prime?
True
Is 92494203 composite?
True
Is 10641003 a composite number?
True
Is 5175613 prime?
False
Is 258615277 composite?
True
Is 2030489 prime?
True
Is 467528627 composite?
False
Is 13463617 a composite number?
False
Is 5045742943 a prime number?
True
Is 445307 a composite number?
False
Is 112112491 prime?
False
Is 127276021 composite?
False
Is 2467294 prime?
False
Is 1241291 a composite number?
False
Is 278469813 a prime number?
False
Is 15480133 a prime number?
False
Is 4023871 a prime number?
True
Is 101576989 a composite number?
True
Is 26007643 a prime number?
True
Is 6817927 a prime number?
True
Is 4638791 prime?
True
Is 219093829 a composite number?
False
Is 882022 prime?
False
Is 47659097 composite?
True
Is 39797111 composite?
False
Is 1027339997 composite?
True
Is 90143797 a prime number?
False
Is 1464899 composite?
False
Is 127195 a prime number?
False
Is 10354973 composite?
False
Is 122338157 a composite number?
False
Is 10021331 a prime number?
True
Is 18332954 prime?
False
Is 3140693 prime?
True
Is 1124731 a composite number?
True
Is 38440529 a composite number?
True
Is 101735 a prime number?
False
Is 392621209 composite?
False
Is 180585521 prime?
False
Is 582927 composite?
True
Is 14903601 a prime number?
False
Is 38032457 a prime number?
True
Is 36729685 composite?
True
Is 126513923 a prime number?
True
Is 8944249 composite?
False
Is 4277917 prime?
False
Is 112517 composite?
True
Is 151630433 composite?
False
Is 46373 composite?
True
Is 944369 a prime number?
True
Is 929 prime?
True
Is 92397373 a prime number?
False
Is 20106169 prime?
False
Is 1165379 composite?
False
Is 46481009 a composite number?
True
Is 15821777 a prime number?
False
Is 1211719 a prime number?
True
Is 1043861617 a prime number?
False
Is 248454893 a prime number?
True
Is 6534533 a prime number?
False
Is 2438047 a prime number?
False
Is 59807743 a composite number?
False
Is 95368535 composite?
True
Is 5795399 prime?
False
Is 4458791 a prime number?
False
Is 88494089 composite?
False
Is 62547869 prime?
True
Is 345184937 prime?
False
Is 11057323 a prime number?
False
Is 4949951 prime?
True
Is 9174589 a prime number?
True
Is 22758965 a composite number?
True
Is 176994353 prime?
False
Is 14547917 a composite number?
True
Is 165335441 composite?
False
Is 301996957 composite?
False
Is 346900399 prime?
False
Is 38876686 composite?
True
Is 12282005 composite?
True
Is 13050993 prime?
False
Is 1728793 a prime number?
False
Is 50512195 a composite number?
True
Is 15069202 a prime number?
False
Is 5894021 a prime number?
False
Is 388421 prime?
False
Is 288592927 a prime number?
False
Is 62148355 composite?
True
Is 1460222 a composite number?
True
Is 69999187 prime?
True
Is 859513 prime?
True
Is 132356533 a composite number?
True
Is 6608737 a prime number?
True
Is 316489181 prime?
True
Is 35183471 a composite number?
False
Is 38147059 a composite number?
False
Is 72272051 a prime number?
True
Is 10188229 a prime number?
True
Is 393166923 a prime number?
False
Is 4620529 composite?
False
Is 2885831 a composite number?
True
Is 8355733 a prime number?
False
Is 2468341 prime?
True
Is 948257 composite?
True
Is 13208933 a composite number?
True
Is 46807 composite?
False
Is 81547633 a composite number?
False
Is 81578281 prime?
False
Is 175549 a prime number?
False
Is 5217731 prime?
True
Is 346694273 prime?
False
Is 1252579 a prime number?
True
Is 21228374 a composite number?
True
Is 3478301 a prime number?
False
Is 825121 composite?
Tr